
List the prime factors of 88291.
7, 12613
What are the prime factors of 14929505?
5, 2985901
List the prime factors of 377606.
2, 19, 523
What are the prime factors of 382451?
19, 20129
What are the prime factors of 84471?
3, 37, 761
List the prime factors of 305268.
2, 3, 25439
List the prime factors of 402570.
2, 3, 5, 7, 71
What are the prime factors of 10851227?
317, 34231
List the prime factors of 1845804.
2, 3, 153817
List the prime factors of 9402908.
2, 389, 6043
What are the prime factors of 6414780?
2, 3, 5, 17, 19, 331
What are the prime factors of 4590870?
2, 3, 5, 137, 1117
List the prime factors of 4579347.
3, 1526449
What are the prime factors of 49010?
2, 5, 13, 29
List the prime factors of 744920.
2, 5, 11, 1693
What are the prime factors of 655803?
3, 107, 227
What are the prime factors of 17185483?
7, 941, 2609
What are the prime factors of 7873929?
3, 7, 1543
List the prime factors of 718219.
19, 103, 367
What are the prime factors of 273519?
3, 30391
What are the prime factors of 715463?
7, 179, 571
List the prime factors of 3713220.
2, 3, 5, 7, 421
List the prime factors of 33452.
2, 8363
What are the prime factors of 273944?
2, 11, 283
What are the prime factors of 16396022?
2, 8198011
What are the prime factors of 13355634?
2, 3, 101, 22039
List the prime factors of 35699.
29, 1231
What are the prime factors of 180674?
2, 13, 6949
List the prime factors of 22766711.
11, 23, 29, 107
List the prime factors of 334712.
2, 7, 43, 139
List the prime factors of 6340117.
7, 41, 22091
List the prime factors of 3019430.
2, 5, 301943
What are the prime factors of 233217?
3, 25913
List the prime factors of 524276.
2, 53, 2473
List the prime factors of 363011.
11, 61, 541
What are the prime factors of 687982?
2, 191, 1801
What are the prime factors of 4053166?
2, 13, 155891
List the prime factors of 168222.
2, 3, 23, 53
List the prime factors of 180018.
2, 3, 73, 137
List the prime factors of 12461845.
5, 11, 31, 7309
What are the prime factors of 213994?
2, 11, 71, 137
List the prime factors of 8486940.
2, 3, 5, 7, 11, 167
List the prime factors of 945462.
2, 3, 7, 22511
What are the prime factors of 17574954?
2, 3, 31, 61, 1549
List the prime factors of 3228879.
3, 19, 37, 1531
List the prime factors of 1163537.
43, 27059
List the prime factors of 718995.
3, 5, 47933
What are the prime factors of 12185275?
5, 601, 811
What are the prime factors of 28343101?
61, 229, 2029
What are the prime factors of 3969124?
2, 992281
List the prime factors of 312022.
2, 156011
List the prime factors of 126195.
3, 5, 47, 179
List the prime factors of 4660354.
2, 31, 75167
What are the prime factors of 2700250?
2, 5, 7, 1543
What are the prime factors of 1241776?
2, 77611
List the prime factors of 2106526.
2, 1053263
List the prime factors of 81316.
2, 29, 701
List the prime factors of 567730.
2, 5, 56773
List the prime factors of 15670177.
15670177
What are the prime factors of 563439?
3, 293, 641
List the prime factors of 156463.
47, 3329
What are the prime factors of 9549092?
2, 7, 257, 1327
List the prime factors of 125156.
2, 67, 467
What are the prime factors of 18660228?
2, 3, 853, 1823
List the prime factors of 6761066.
2, 13, 443, 587
What are the prime factors of 120859?
19, 6361
What are the prime factors of 4054050?
2, 3, 5, 7, 11, 13
List the prime factors of 370075.
5, 113, 131
What are the prime factors of 237386?
2, 19, 6247
What are the prime factors of 182672?
2, 7, 233
What are the prime factors of 6610927?
29, 311, 733
What are the prime factors of 2168822?
2, 31, 34981
List the prime factors of 1211747.
197, 6151
What are the prime factors of 248272?
2, 59, 263
What are the prime factors of 549773?
7, 78539
What are the prime factors of 4473952?
2, 7, 19973
List the prime factors of 246880.
2, 5, 1543
What are the prime factors of 1619038?
2, 241, 3359
List the prime factors of 644995.
5, 13, 9923
List the prime factors of 5894547.
3, 1964849
List the prime factors of 3969374.
2, 41, 48407
What are the prime factors of 13206378?
2, 3, 61, 36083
What are the prime factors of 1601402?
2, 11, 83, 877
List the prime factors of 325325.
5, 7, 11, 13
What are the prime factors of 2012211?
3, 47, 67, 71
What are the prime factors of 181056?
2, 3, 23, 41
What are the prime factors of 169175?
5, 67, 101
List the prime factors of 3774635.
5, 19, 39733
What are the prime factors of 11500918?
2, 11, 13, 40213
What are the prime factors of 384398?
2, 7, 27457
List the prime factors of 7175613.
3, 61, 113, 347
What are the prime factors of 5433510?
2, 3, 5, 139, 1303
List the prime factors of 285796.
2, 7, 59, 173
List the prime factors of 232357.
232357
List the prime factors of 392550.
2, 3, 5, 2617
List the prime factors of 1312431.
3, 181, 2417
List the prime factors of 527702.
2, 7, 37693
List the prime factors of 20411222.
2, 13, 71, 11057
What are the prime factors of 3943291?
11, 139, 2579
List the prime factors of 2313790.
2, 5, 231379
What are the prime factors of 4496092?
2, 17, 37, 1787
List the prime factors of 5508663.
3, 17, 108013
What are the prime factors of 73430?
2, 5, 7, 1049
What are the prime factors of 41628?
2, 3, 3469
List the prime factors of 750829.
750829
What are the prime factors of 25121919?
3, 569, 14717
List the prime factors of 17395.
5, 7, 71
What are the prime factors of 43378?
2, 23, 41
List the prime factors of 9384289.
17, 31, 17807
What are the prime factors of 393936?
2, 3, 29, 283
List the prime factors of 491835.
3, 5, 32789
What are the prime factors of 222602?
2, 111301
List the prime factors of 70698.
2, 3, 11783
List the prime factors of 9837733.
401, 24533
List the prime factors of 15652705.
5, 3130541
List the prime factors of 1336225.
5, 11, 43, 113
List the prime factors of 2378833.
607, 3919
List the prime factors of 1071339.
3, 181, 1973
List the prime factors of 2069530.
2, 5, 206953
List the prime factors of 4468043.
4468043
List the prime factors of 4408362.
2, 3, 7, 59, 593
List the prime factors of 899329.
317, 2837
What are the prime factors of 10402157?
661, 15737
What are the prime factors of 693620?
2, 5, 79, 439
What are the prime factors of 6834566?
2, 19, 37, 4861
What are the prime factors of 390223?
390223
List the prime factors of 271671.
3, 137, 661
List the prime factors of 379619.
41, 47, 197
List the prime factors of 382957.
113, 3389
What are the prime factors of 822453?
3, 19, 47, 307
List the prime factors of 203039.
203039
What are the prime factors of 1069449?
3, 103, 3461
List the prime factors of 2966262.
2, 3, 13, 17, 2237
What are the prime factors of 241578?
2, 3, 13421
What are the prime factors of 73025?
5, 23, 127
List the prime factors of 13176190.
2, 5, 17, 179, 433
List the prime factors of 11796707.
13, 29, 83
What are the prime factors of 6775329?
3, 11, 31, 37, 179
What are the prime factors of 36823?
23, 1601
What are the prime factors of 256738?
2, 137, 937
What are the prime factors of 702182?
2, 13, 113, 239
What are the prime factors of 3161206?
2, 37, 42719
List the prime factors of 8882423.
11, 807493
What are the prime factors of 10717441?
7, 41, 107, 349
List the prime factors of 4180568.
2, 7, 74653
List the prime factors of 1229394.
2, 3, 61, 3359
List the prime factors of 1243446.
2, 3, 207241
What are the prime factors of 234327?
3, 19, 4111
List the prime factors of 2531976.
2, 3, 105499
List the prime factors of 3321889.
3321889
List the prime factors of 10614326.
2, 41, 129443
List the prime factors of 17753.
41, 433
What are the prime factors of 9837903?
3, 313, 10477
What are the prime factors of 530817?
3, 7, 23, 157
What are the prime factors of 312424?
2, 7, 797
List the prime factors of 1027103.
7, 11, 13339
What are the prime factors of 523601?
13, 40277
What are the prime factors of 4956?
2, 3, 7, 59
List the prime factors of 290241.
3, 7, 17, 271
List the prime factors of 131248.
2, 13, 631
List the prime factors of 2303054.
2, 13, 283, 313
What are the prime factors of 16252934?
2, 29, 280223
List the prime factors of 117381.
3, 11, 3557
What are the prime factors of 143373?
3, 47791
What are the prime factors of 4768261?
113, 42197
List the prime factors of 1246990.
2, 5, 124699
What are the prime factors of 240646?
2,